
6
Let v(r) = -2*r**2 - 25*r - 1. Let a(t) = t - 1. Let q(m) = -6*a(m) + v(m). Suppose 244 - 75 = -13*i. What is the tens digit of q(i)?
7
Let h = -1096 - -1727. Let l = -469 + h. What is the units digit of l?
2
Let o = -273 + 274. Let k(n) = 25*n**2 - 2*n + 2. What is the tens digit of k(o)?
2
Let z be 3/1 - 0 - (-12)/(-4). Suppose z*t = -14*t + 1750. What is the units digit of t?
5
Suppose 15*i - 36640 - 2525 = 0. What is the units digit of i?
1
Suppose -15*j = 166 - 241. Suppose -2*l - 3*w + 1401 = -4*w, -j*l + 3504 = -w. What is the tens digit of l?
0
Let z(g) = 2*g**2 - 26*g + 15. Suppose -11*c - 10 = -6*c. Let m be -2*2*7/c. What is the tens digit of z(m)?
4
Let m(i) = 3*i**2 + i + 1. Let g be m(-5). Let q = 166 - 130. Suppose -q*d - g = -37*d. What is the units digit of d?
1
Let a(x) = 1201*x + 1739. What is the ten thousands digit of a(17)?
2
Let u = 50030 + -22827. What is the ten thousands digit of u?
2
Suppose 0 = -4*i - 5*c + 21297 + 22585, c - 32928 = -3*i. What is the ten thousands digit of i?
1
Suppose 0*b = -14*b + 42. Suppose -b*a = -2*x + 2444 - 6018, 1191 = a - x. What is the thousands digit of a?
1
Let d(c) = 7*c**2 + 7*c - 7. Let y(a) = a**2 + a. Suppose -20*v = -21*v - 6. Let o(u) = v*y(u) + d(u). What is the tens digit of o(-10)?
8
Suppose -678*q + 790*q - 803600 = 0. What is the units digit of q?
5
Suppose 18*y - 19*y + 5 = 0. Let x(m) = 4*m**3 - 4*m**2 - 12*m - 2. What is the units digit of x(y)?
8
Let w = -312 + 317. Suppose o - 5*i = 6*o - 1310, 5*i + w = 0. What is the tens digit of o?
6
Let x(f) = -3926*f**2 - f - 6. Let m be x(-2). What is the units digit of (-1 - 0)/(-5 + m/(-3143))?
9
Let c(h) = 4*h**2 + 2*h - 3. Let l = -13 + 16. Let i be c(l). Suppose -2*s = -255 + i. What is the units digit of s?
8
Suppose 11*t - 6*t = 75. Suppose -j - n + 288 - 21 = 0, 3*n - t = 0. Suppose -4*b + j = -2*y, b + 4*b - 2*y - 326 = 0. What is the units digit of b?
4
Let k(i) = 16*i**2 + 9*i - 8. Let x be k(1). Suppose -4*z - x*z = -462. What is the units digit of z?
2
Let q = 3376 - 1540. What is the hundreds digit of q?
8
What is the units digit of ((-1)/(-3))/(120548*(-356)/2043576 - -21)?
9
Let b(v) = -1778*v - 1966. What is the tens digit of b(-25)?
8
Let j = 130 + -123. Suppose j*k = 9*k - 1542. What is the tens digit of k?
7
Let w(i) = 5*i**2 - 8*i + 17. Let c be w(5). Let u = c - 32. What is the units digit of 710/7 - 5/(u/6)?
1
Let r(x) = -9*x - 8. Let l be r(-10). Suppose 2*q - 34 = 2*o + l, 5*q = 0. Let h = 107 + o. What is the units digit of h?
9
Let t(x) = x**3 - x**2 - x + 3. Let d be t(0). Suppose -2*u + 3*j + 2*j = -72, -d*j = 0. What is the units digit of u?
6
Let p = -58 + 30. Let z be 4/(-14) + (-1044)/p. Suppose -6*f = -z - 53. What is the units digit of f?
5
What is the hundreds digit of (-2 - 931/4)/((-16)/12032*4)?
1
Suppose 14*c + 2*c + 7 - 23 = 0. Let x = 1 + 3. What is the tens digit of 75/x*(57/9 - c)?
0
Suppose -22*g = 10*g - 27611 - 48389. What is the units digit of g?
5
Suppose 5*l + 11 = 2*t, 0 = -t + 4*l + 2 + 5. Suppose -384 - 282 = -t*s. What is the tens digit of s?
2
Let m(s) = s**3 + 106*s**2 - 42*s - 430. What is the thousands digit of m(-105)?
5
Suppose -6331 - 8249 = -5*g. Let i = -1784 + g. Suppose 16*p = i + 564. What is the units digit of p?
6
Let i = 1016 + 628. What is the hundreds digit of i?
6
Let u = 4 - 2. Let q(x) = 18*x**2 + 15*x - 5. Let k be q(2). Suppose 0 = -4*w + u*n + 126, -w = -4*w + 2*n + k. What is the units digit of w?
9
Suppose -2*l + 3*h = 2 - 10, -9 = -l - h. Suppose 9 = -l*f - 26. Let z(x) = 6*x**2 + 4*x - 4. What is the tens digit of z(f)?
2
Let t be (114/11)/2 + (-14)/77. Suppose t*u - 15 = 4*o, 11 = 3*o + 3*u + 2. Suppose o = 4*r - 9*r + 75. What is the units digit of r?
5
Let q = -2781 + 12381. What is the thousands digit of q?
9
Suppose -i = -7*i - 558. Let r = i - -92. Let z = r - -95. What is the units digit of z?
4
Let v(n) = -17 - 23 - 114*n**2 - 49*n + 70*n**2 + 74*n**2 - n**3. What is the units digit of v(27)?
4
Suppose 0 = 3*l - 0 + 6, 3*b - 5*l - 2974 = 0. Suppose -5*t + 3*w + 2418 = 0, -9*t + 7*t - 4*w = -b. What is the units digit of t?
6
Let p(m) = m**3 - m**2 - 4*m - 19. Let i be p(8). Suppose -35 = 6*q + i. Let a = 201 + q. What is the units digit of a?
9
Let j(d) = 10*d**3 - 1126*d**2 + 37*d + 114. What is the ten thousands digit of j(113)?
5
Let g = -7 + 4. Let v(w) = 10*w**2 - 15 + 19 + 9*w**2. What is the tens digit of v(g)?
7
Let b(k) = 12*k**3 + k**2 - 6*k + 14. What is the tens digit of b(2)?
0
Let d(c) = -5 + 161*c - 164*c + 408*c. What is the units digit of d(1)?
0
Suppose 6344 = 3*x + 191. What is the units digit of x?
1
Let a(h) be the third derivative of h**4/12 + 7*h**3/3 + 5*h**2. Let o be a(-7). Suppose o = 5*n - 9 - 106. What is the units digit of n?
3
Let k(f) be the first derivative of 77*f**3/3 - 11*f**2/2 + 44*f + 100. What is the hundreds digit of k(3)?
7
Let o(y) = -5*y**2 - 19*y + 43. Let a(r) = 3*r**2 + 9*r - 22. Let b(z) = 7*a(z) + 4*o(z). Let p be b(11). What is the tens digit of ((-256)/2)/(-1) + p?
2
Suppose 0 = 65*c - 70*c + 15. What is the tens digit of c + (7 - -436 - 4)?
4
Suppose -11*x + 2233 + 110 = 0. Suppose x = 53*v - 52*v. What is the tens digit of v?
1
Let x = 555 + -250. Suppose -o = 5*b - x, 5*o = 3*b + 4*o - 191. What is the units digit of b?
2
Suppose 1693 = 8*w - 13099. Suppose w*n - 1846*n = 3912. What is the hundreds digit of n?
3
Let u(m) = 4*m**2 - 8*m - 557. What is the units digit of u(-26)?
5
Suppose -d + 17 = l, -5*d + 23 + 30 = 3*l. Suppose -4*h - 108 = -l*h. What is the tens digit of 216*(-1 + h)*(-1)/(-6)?
8
Let b(s) = 8*s + 64. Let z be b(-7). Suppose 4056 = z*t + 5*t. What is the tens digit of t?
1
Suppose 29*k + 2*c = 27*k + 91388, -2*k + 91346 = -4*c. What is the units digit of k?
7
Suppose -5*w + 21 = -3*j, -4*j - 5*w + w + 4 = 0. Let c(k) = k**3 - 2*k**2 - 2*k + 4. Let d be c(j). Let t = d + 104. What is the units digit of t?
6
Suppose 4220 + 13755 = 25*r. Let w = r - 183. What is the tens digit of w?
3
Let h(c) = -c**3 - 9*c**2 - 3*c - 29. Let s be h(-9). What is the hundreds digit of -2 + 2 - ((-234 - s) + -1)?
2
Let z = 2000 - 943. Let h = z + -171. What is the hundreds digit of h?
8
Let s = -41 - -38. Let i be 1 + 0 - (122 + s). What is the units digit of i/(-3) - (-3)/(-9)?
9
Let d be ((-1)/1)/(54/270). What is the tens digit of (482/(-3))/((60/18)/d)?
4
Let c = -9970 + 36039. What is the hundreds digit of c?
0
Let b(t) = -t**3 + 5*t**2 + 3*t + 18. Let o be b(6). Suppose 3*l = -o*l + 2181. What is the tens digit of l?
2
Let x = 6264 - -2192. What is the tens digit of x?
5
Let t = -8 + 4. Let a be (-45)/60 - (-1)/t. Let n(c) = 50*c**2 - 4*c - 3. What is the units digit of n(a)?
1
Suppose 0*a + 4*a = 2*p + 12554, 3*a = 3*p + 9417. What is the thousands digit of a?
3
Let k(r) be the third derivative of r**5/60 + 5*r**4/8 + 10*r**3/3 - 21*r**2. Suppose -12 = 4*h + 44. What is the units digit of k(h)?
6
What is the ten thousands digit of (8 + (-1813260)/45)*6/(-4)?
6
Let t = 62 + -76. Let i(r) = -r - 4. Let h be i(t). Suppose h*z + 35 = 2*x + 9*z, 2*x - 33 = 3*z. What is the tens digit of x?
1
Let m(j) = -4*j + 22. Let v be m(5). Let x(p) = -v*p - 4*p + 11*p + 7*p - 22. What is the tens digit of x(15)?
5
Let s = 45 - 43. Suppose 3*z + 13 = 2*j, 3*j + s*z + 2 = j. Suppose 37 = q - 4*h + 12, j*h + 2 = 0. What is the tens digit of q?
2
Let g = 416 - 392. Let h be (17/3)/((-2)/(-6)). What is the hundreds digit of 2*1838/g + h/(-102)?
1
Suppose 14 = 4*f + j, j - 2 = -f - 0. Let d be (2/f)/((-2)/(-12)). Suppose 3*p + 2*p - 335 = -k, d*k - 325 = -5*p. What is the tens digit of p?
6
Let r(o) = -o - 2. Let j = 47 + -52. Let l be r(j). What is the units digit of (1 - 2) + 51 + l + -5?
8
Let w(j) = 63*j**2 - 55*j - 838. What is the units digit of w(-20)?
2
Let g be (36/27)/((-1)/(-117)). Let a = g - -10. What is the units digit of a?
6
Let k(s) = -11*s + 23. Suppose 8*t + 4*t + 96 = 0. Let a be 435/(-60) + (14/t - -2). What is the units digit of k(a)?
0
Suppose y = -3*g - 121 + 643, 2*y + 348 = 2*g. What is the tens digit of 5*5/(25/g)?
7
Let r(y) = 52*y**2 + 296*y + 92. What is the hundreds digit of r(-36)?
8
Suppose 5*d + v = 135572, v + 27118 = -2029*d + 2030*d. What is the thousands digit of